7, what is 1 + -102?
-101
In base 8, what is -5 + 75?
70
In base 13, what is 4 - 77?
-73
In base 8, what is 0 + 7541?
7541
In base 11, what is -1112 + 3?
-110a
In base 2, what is 11111 - -1011?
101010
In base 8, what is -5 - 2606?
-2613
In base 9, what is 28 + 1?
30
In base 7, what is -463 + 0?
-463
In base 12, what is -223 - 0?
-223
In base 11, what is -1 + 20?
1a
In base 16, what is -13 + 1d4?
1c1
In base 16, what is 2 - 201?
-1ff
In base 7, what is 5 + 4?
12
In base 7, what is 0 - 13214?
-13214
In base 4, what is -31 + 1202?
1111
In base 11, what is 46a + -1?
469
In base 16, what is -9 - 1db?
-1e4
In base 15, what is 25 + -6?
1e
In base 12, what is -a1 - -5?
-98
In base 10, what is 31 + -15?
16
In base 7, what is 25 + 20?
45
In base 6, what is -3312 - -22?
-3250
In base 9, what is -15 + 18?
3
In base 5, what is -2221 - -3?
-2213
In base 16, what is -5db8 + 4?
-5db4
In base 8, what is -1 + -3225?
-3226
In base 14, what is -bd9a - 3?
-bd9d
In base 8, what is -2 + -2047?
-2051
In base 4, what is 2 + 11330?
11332
In base 6, what is -2 - -223?
221
In base 12, what is -182 - 31?
-1b3
In base 16, what is -12 + 43?
31
In base 12, what is a11 - -2?
a13
In base 2, what is -11111 - -1?
-11110
In base 12, what is 44 + 0?
44
In base 16, what is -3 - 2a7?
-2aa
In base 13, what is 225 - 0?
225
In base 2, what is -110 + 10111101?
10110111
In base 7, what is 143 + 165?
341
In base 3, what is 1000002 + 100?
1000102
In base 11, what is 11 - 38?
-27
In base 12, what is 0 - 2b36?
-2b36
In base 8, what is -53 - 43?
-116
In base 4, what is -1131 - -22?
-1103
In base 16, what is -22ff + -2?
-2301
In base 16, what is -2 + -118?
-11a
In base 4, what is -22231 + 3?
-22222
In base 7, what is 21 + -21?
0
In base 6, what is 15553 + -3?
15550
In base 15, what is 5552 + -5?
554c
In base 14, what is 6 + 7?
d
In base 15, what is 1 + -51?
-50
In base 2, what is -10 - 110000011?
-110000101
In base 5, what is -3 - 10424?
-10432
In base 9, what is -5 - -15?
10
In base 2, what is 1111010111 - -100?
1111011011
In base 16, what is -b48 + -1?
-b49
In base 5, what is -3223 - 4?
-3232
In base 2, what is -11110011 + -10?
-11110101
In base 4, what is -30 + 3003?
2313
In base 10, what is 2611 + 5?
2616
In base 16, what is 2 - -56c?
56e
In base 7, what is -25 - 6?
-34
In base 8, what is 54 - 152?
-76
In base 5, what is -13 + 113?
100
In base 4, what is 112211 + -3?
112202
In base 15, what is 3 - 2ce?
-2cb
In base 11, what is 7 + 5?
11
In base 2, what is 11 - 10111010111?
-10111010100
In base 11, what is -4 + -aa?
-103
In base 8, what is -573 + 13?
-560
In base 12, what is 2 + -53?
-51
In base 3, what is -202021 - 0?
-202021
In base 3, what is -211 + -12?
-1000
In base 15, what is 0 - 50?
-50
In base 5, what is -10 + 330?
320
In base 15, what is -3a - -c?
-2d
In base 2, what is 101101011 + -101?
101100110
In base 11, what is -1163 + -3?
-1166
In base 13, what is 0 + -959?
-959
In base 7, what is 1 + -4262?
-4261
In base 10, what is -115 - 3?
-118
In base 3, what is 1 - -1011110?
1011111
In base 16, what is -28d + -4?
-291
In base 2, what is 10011 + 111?
11010
In base 13, what is 905 - 5?
900
In base 4, what is -100133 - -1?
-100132
In base 10, what is -1 - -79?
78
In base 14, what is 278 - 0?
278
In base 13, what is 2 + -191?
-18c
In base 11, what is 274 + 25?
299
In base 2, what is 101100 - 1000?
100100
In base 16, what is -3 - cb?
-ce
In base 16, what is -82 + -4?
-86
In base 15, what is -6 - -1e8?
1e2
In base 10, what is 4 - -192?
196
In base 11, what is -9 - 302?
-310
In base 14, what is 125 + -4?
121
In base 9, what is 7706 + 1?
7707
In base 15, what is 264e - -3?
2652
In base 14, what is 1 + 66?
67
In base 8, what is -1431 + 4?
-1425
In base 6, what is 2 + 414?
420
In base 7, what is -1106 + -4?
-1113
In base 13, what is 0 - -38?
38
In base 6, what is -104 + -34?
-142
In base 11, what is 119 + 2?
120
In base 6, what is -350 - 3?
-353
In base 15, what is 7dc8 - -4?
7dcc
In base 12, what is 5 - -1771?
1776
In base 16, what is -1 + 9a?
99
In base 10, what is -5 - 1106?
-1111
In base 16, what is e + 49?
57
In base 16, what is -5 + -39d?
-3a2
In base 11, what is 2a + -18?
12
In base 16, what is 4 + -c80?
-c7c
In base 9, what is -3 - -28?
25
In base 6, what is 33 + -2?
31
In base 14, what is 43 - -5?
48
In base 12, what is -344 - 27?
-36b
In base 2, what is 1101 + -100101?
-11000
In base 15, what is -5 - 29?
-2e
In base 5, what is -202 + -12?
-214
In base 9, what is 0 - 57?
-57
In base 15, what is -1 - -756?
755
In base 9, what is 76 + 10?
86
In base 7, what is 24 - -5?
32
In base 8, what is 15 + 64?
101
In base 2, what is -1 + 1000100101?
1000100100
In base 2, what is 110110000 + 100?
110110100
In base 10, what is 238 - 9?
229
In base 5, what is 10 + 1202?
1212
In base 11, what is 18 - -186?
1a3
In base 8, what is -3 + 132?
127
In base 2, what is 10 + -100000110001?
-100000101111
In base 11, what is 0 + -7?
-7
In base 14, what is 1b + 6?
23
In base 9, what is 25 + 164?
200
In base 9, what is -16 - 13?
-30
In base 15, what is -3 - 93?
-96
In base 16, what is f + 7?
16
In base 10, what is 27 + -200?
-173
In base 15, what is -1 - -ced?
cec
In base 16, what is 28 + bd?
e5
In base 11, what is -4 + -4050?
-4054
In base 3, what is 0 + -100200?
-100200
In base 4, what is -12 + 2030?
2012
In base 7, what is 3344 + -4?
3340
In base 13, what is -5a + -2?
-5c
In base 9, what is 268 - -54?
333
In base 6, what is 151 - -10?
201
In base 10, what is 3 - 1029?
-1026
In base 12, what is -23a + 2?
-238
In base 4, what is 1 + -12001?
-12000
In base 4, what is -3 - -20122?
20113
In base 4, what is -1020 + 1210?
130
In base 3, what is 11 - 12202111?
-12202100
In base 7, what is -1 - -3251?
3250
In base 14, what is 5 + -31?
-2a
In base 6, what is 13 + -440?
-423
In base 11, what is 9 + -4?
5
In base 5, what is 332 + -3?
324
In base 12, what is 1660 - 3?
1659
In base 10, what is -6160 - 0?
-6160
In base 6, what is 4552 + -1?
4551
In base 7, what is 2 + 51?
53
In base 10, what is -16 + 2?
-14
In base 3, what is 220 + 120?
1110
In base 9, what is -7 + 1510?
1502
In base 9, what is -4 + 1141?
1136
In base 6, what is -3 + 24?
21
In base 14, what is 15 - -5d?
74
In base 3, what is 20 + 1111?
1201
In base 8, what is -15 + 110?
73
In base 3, what is -10 + -10212110?
-10212120
In base 14, what is 5a - -1ad?
229
In base 6, what is -2 + -210?
-212
In base 6, what is -211 + 3?
-204
In base 14, what is 5d2 - 1?
5d1
In base 12, what is b3 + 5?
b8
In base 10, what is 220 + 19?
239
In base 10, what is -14 - -11?
-3
In base 12, what is 58a - -3?
591
In base 4, what is -11010 + -32?
-11102
In base 9, what is 4 - 718?
-714
In base 14, what is 5 + -926?
-921
In base 6, what is -2225 - 0?
-2225
In base 12, what is -18 + -5?
-21
In base 5, what is -1133 + 2?
-1131
In base 7, what is -53 - -204?
121
In base 14, what is -30b7 - 0?
-30b7
In base 10, what is 5631 - 1?
5630
In base 7, what is -622 + -4?
-626
In base 16, what is 3b - 16b?
-130
In base 12, what is -14 + 79?
65
In base 3, what is 2011 + 1?
2012
In base 6, what is -1304 + 1?
-1303
In base 15, what is 73a + -5?
735
In base 4, what is 1000 + -13?
321
In base 12, what is 858 - 4?
854
In base 4, what is 3 + 200?
203
In base 6, what is 113 - -311?
424
In base 5, what is -3 + -140?
-143
In base 15, what is 233 + 9?
23c
In base 11, what is a - 116?
-107
In base 7, what is 3 - 12223?
-12220
In base 4, what is -33 - -201?
102
In base 2, what is -110 + -10010001?
-10010111
In base 16, what is 2 - -3e4?
3e6
In base 13, what is 1 - 8b6?
-8b5
In base 12, what is 395a - 2?
3958
In base 5, what is -10420 - 2?
-10422
In base 9, what is 2 + 12?
14
In base 7, what is -4245 - -16?
-4226
In base 5, what is -1133 + 330?
-303
In base 16, what is d1 - 2?
cf
In base 12, what is 699 - 1?
698
In base 9, what is -84 - -16?
-67
In base 14, what is -5 - 1d12?
-1d17
In base 5, what is -414 - -2?
-412
In base 6, what is -501 - 0?
-501
In base 9, what is 607 + -1?
606
In base 5, what is 1341122 - -3?
1341130
In base 11, what is -8 - 48?
-55
In base 6, what is 2 - 44?
-42
In base 3, what is -12210 + 11?
-12122
In base 4, what is -12101 - -101?
-12000
In base 16, what is 30 + -4?
2c
In base 8, what is -24 - 16?
-42
In base 11, what is -20a0 - 3?
-20a3
In base 3, what is -11 - -12120?
12102
In base 9, w